 the remainder when h is divided by 20?
19
Let b(x) be the third derivative of x**4/24 + 2*x**3/3 - x**2. What is the remainder when b(0) is divided by 1?
0
Let q = 2 + 3. Suppose -4*s + 19 = -3*s + 4*d, 0 = s - q*d + 8. Calculate the remainder when s is divided by 3.
1
Suppose 0 = 3*k - 7*k + 36. Suppose 4*r = k + 43. Calculate the remainder when 37 is divided by r.
11
Let b = -176 + 286. What is the remainder when b is divided by 19?
15
What is the remainder when 13 is divided by -3 + 1*(10 + -2)?
3
Let d = 48 + -7. Calculate the remainder when d is divided by ((-55)/10)/((-1)/2).
8
Let f = 46 + -19. Suppose f = z + h + h, -z = h - 32. What is the remainder when z is divided by 19?
18
Let p = -163 - -178. Calculate the remainder when 164 is divided by p.
14
Let i = 21 + -5. Calculate the remainder when i is divided by 9.
7
Let n = 53 - 30. Calculate the remainder when n is divided by (0 - 0 - 13)/(-1).
10
Let n = 0 + 0. Suppose -3*h + n*h = -3, -h + 1 = l. Suppose l + 4 = r. What is the remainder when 14 is divided by r?
2
Suppose 0 = -m + 5*m - 220. Suppose -3*w + m - 4 = 0. What is the remainder when 50 is divided by w?
16
Suppose -8*k + 80 = -3*k. Calculate the remainder when k is divided by 9.
7
Suppose -16*i - 55 = -21*i. Calculate the remainder when 42 is divided by i.
9
Let y = -187 + 266. What is the remainder when y is divided by 27?
25
What is the remainder when ((-4)/6)/2 - 4508/(-42) is divided by 28?
23
Let z = 0 + 2. Suppose z = 4*x - 6. What is the remainder when x is divided by 2?
0
Let j = 8 + 46. What is the remainder when j is divided by 28?
26
Let x be (3/(-9))/(2/(-6)). Suppose 0 = -3*m - x - 2. Calculate the remainder when 52/8 + m/2 is divided by 4.
2
Suppose 9 = 3*w - 0*w. Suppose -3*a + 18 = w*n, 2*a + 3*a = -n + 22. What is the remainder when a is divided by 2?
0
Let g(v) = -v**2 - 8*v + 6. Let s(h) = 6*h**3 + h**2 - 2. Let x(y) = -y**3 - 1. Let w(j) = -s(j) - 5*x(j). What is the remainder when g(-7) is divided by w(0)?
6
Let p(v) = v + 10. Let l be p(-5). Suppose 4*n + 40 = 3*i, -2*n + 3 = -i + 15. What is the remainder when i is divided by 12/5*l/2?
4
Let g be (4/(-10))/(5/225). What is the remainder when 78 is divided by 12/(-8)*g*1?
24
Let c(o) = -9*o. Let n be c(-1). Let r = 12 - 14. Let x = n + r. What is the remainder when 19 is divided by x?
5
Let s be (9/6)/((-3)/4). Let q be 5 + 2 + 0/s. Let i(m) = m - 3. What is the remainder when 10 is divided by i(q)?
2
Let k = 18 + -13. Let c(d) = d**3 - 4*d**2 + 2*d - 7. Calculate the remainder when c(k) is divided by 15.
13
Suppose 14*m - 201 = 65. What is the remainder when m is divided by 7?
5
Suppose 77 = -3*f + 6*f - 2*l, -4*f - 2*l = -112. What is the remainder when 105 is divided by f?
24
Let n = 93 - 80. Calculate the remainder when 37 is divided by n.
11
Let s be (-4 - -3)*5*-1. Suppose -b + 1 = -s. Let h = 11 + 6. What is the remainder when h is divided by b?
5
Let r be ((-1)/(-3))/(1/6). Suppose -8 = 2*u, 3*q + 19 = -r*u + 65. What is the remainder when q is divided by 10?
8
Let d(c) = -c**3 + 8*c**2 - 22. What is the remainder when 249 is divided by d(4)?
39
Let p(h) = -5*h + 22. Calculate the remainder when p(-12) is divided by 12.
10
Let w(h) = h + 6. Let f be 0*(-1 - (0 - 0)). Let k(q) = -2*q + 3. What is the remainder when k(-4) is divided by w(f)?
5
Let h(n) = n**2 - 4*n + 3. Let f be h(3). Suppose 3*o - 6*o + 9 = f. Calculate the remainder when 9 is divided by o.
0
Suppose -5*z + 22 = 4*r, -3*r + 5*r - z - 4 = 0. Let f = 83 + -41. Suppose r*w - f = -0*w. What is the remainder when w is divided by 8?
6
Suppose 2*b - 7 = 9. Suppose -2*d = -3*d + 15. What is the remainder when d is divided by b?
7
What is the remainder when 5 + 23 + 2/(-3 + 2) is divided by 4?
2
Let a(r) = r**2 + 5*r + 2. Let z be a(-6). Suppose -3*x - z = -2, 5*w = -2*x - 64. What is the remainder when 22 is divided by (-1)/(-1)*0 - w?
10
Let c(d) = 2*d**2 + 1 + d - 3*d + 46*d**3 + 0. Suppose a - 5*s = 4*a - 48, a = 2*s + 16. Calculate the remainder when c(1) is divided by a.
15
Suppose 0 = -t - 2*x - 2*x, -4*x - 24 = -5*t. Suppose 0 = t*d + 2 - 62. What is the remainder when d is divided by 8?
7
Suppose 5*w - 6 = 14. Suppose -4*k = -w*y, -y - 35 = -5*y - 3*k. Suppose -2 = -f - 0. Calculate the remainder when y is divided by f.
1
Suppose d + 340 = 6*d. Let p be 5*-2*d/(-10). Suppose -5*c = p - 268. Calculate the remainder when c is divided by 14.
12
Let v(f) = -2*f**2 - 17*f + 10. Calculate the remainder when 62 is divided by v(-8).
8
Let r(j) = -j**3 + 5*j**2 + 4*j - 11. Calculate the remainder when 2/(-4) + (-67)/(-2) is divided by r(5).
6
Let o(x) = -x + 4. Let u be o(4). Suppose u*z - 3*z = -48. What is the remainder when z is divided by 9?
7
Let x be -1 - (-5 - 6/(-3)). Suppose -2*w + 4 = -x, -4*v - 5*w = -39. Suppose -3*m = 3*r - 39 + 6, 2*m + 22 = 2*r. What is the remainder when r is divided by v?
5
Let u = -15 + 27. Suppose -4*z = u, -2*v - 5*z + 81 = v. What is the remainder when v is divided by 11?
10
Let g = 73 - 61. Calculate the remainder when g is divided by 4.
0
Let x = 10 - 5. Suppose 0 = x*u - u + 28. Let h = u - -9. Calculate the remainder when 2 is divided by h.
0
Let q = 67 - 48. What is the remainder when 92 is divided by q?
16
Let l = 80 - 69. Calculate the remainder when 74 is divided by l.
8
Suppose 0*f + f = -15. Let y = 25 + f. What is the remainder when 29 is divided by y?
9
Suppose -4*z = 2*w - z - 27, 5*w + z - 48 = 0. Calculate the remainder when w is divided by 5.
4
Suppose 0*s - 459 = -9*s. What is the remainder when 151 is divided by s?
49
Let g(v) = -v. Suppose 4*u - 2*k - 2 = -0*k, -5*u = -3*k - 1. Calculate the remainder when (-18)/(1/u*-3) is divided by g(-7).
5
Let d = 3 - -10. Calculate the remainder when d is divided by -1 + (-108)/(-21) + (-1)/7.
1
Suppose 4*t - 68 = -16. Let w = -5 - -7. Let j(x) = 5*x**2 + 4*x - 3. What is the remainder when j(w) is divided by t?
12
Let h(w) be the first derivative of -w**4/4 - w**3/3 + 3*w**2/2 + 2*w + 1. Suppose 107 = 5*k + 2. What is the remainder when k is divided by h(-3)?
10
Let t = 20 + -11. Suppose j = 2*q - 0*j - 12, -5*j = 3*q - 18. Calculate the remainder when t is divided by q.
3
Suppose 2*a - 73 = 5*r - 0*r, a = -5*r + 59. What is the remainder when a is divided by 15?
14
Suppose -5*p + 2*p + 4*r + 58 = 0, 3*p + 3*r - 30 = 0. What is the remainder when (1 - -4)*(3 + 2) is divided by p?
11
Let t(j) = -2*j**3 - j + 1. Let z(p) = -p + 20. Calculate the remainder when t(-2) is divided by z(13).
5
Suppose 95 = -p - 95. Let y be 4/18 + p/45. What is the remainder when 32 is divided by (22/(-8))/(1/y)?
10
Suppose 4*a = -3*h + h + 206, -204 = -2*h - 2*a. Let v = h - 67. Calculate the remainder when v is divided by 55/3 - 11/33.
16
Let s = 35 + -26. Calculate the remainder when 35 is divided by s.
8
Suppose -3*u + 4*u = 2. Suppose u*c = 6*c - a + 32, -27 = c - 5*a. Let q(h) = -6*h - 4. Calculate the remainder when q(c) is divided by 13.
12
Suppose 0*v = 3*v - 5*i - 22, 0 = -5*v - 5*i + 50. Suppose 0*a + 4*a - 68 = 0. What is the remainder when a is divided by v?
8
Suppose -66 = -0*p - 3*p + 3*f, 0 = -p + 3*f + 26. What is the remainder when 118 is divided by p?
18
Suppose -4 - 59 = -3*u. Calculate the remainder when u is divided by 6.
3
Let f = 66 - 31. Calculate the remainder when f is divided by 18.
17
Let z(w) = -w. Let f be z(-6). Let i = f + -2. Suppose -21 = -4*d + l, -4*d + 2*l + 0*l + 18 = 0. Calculate the remainder when d is divided by i.
2
Let x = 0 - -24. Suppose -2*r + 26 = -0*r. Calculate the remainder when x is divided by r.
11
Suppose 5*n + i = 3, 5*n - 7*i = -2*i - 15. Suppose -2*p + 30 = -n*p. What is the remainder when 58 is divided by p?
13
Suppose 259 = 3*c + 4*c. What is the remainder when c is divided by 10?
7
Suppose -w + 9 = -5*l, 5*w - 4*l - 46 + 1 = 0. Calculate the remainder when (48/6 - 3) + 47 is divided by (0 - w)*(-3 - -1).
16
Suppose 54 + 74 = 2*l. Suppose 6*i + l = 268. Calculate the remainder when i is divided by 9.
7
Let o(x) be the third derivative of 0 + 3*x**2 - 1/20*x**5 - 1/24*x**4 + 1/3*x**3 + 1/15*x**6 + 0*x. Calculate the remainder when o(2) is divided by 18.
16
Let x = 0 - -1. Suppose 4*u = -u + 2*z + 62, -5*u - 3*z = -57. Calculate the remainder when 21 - 1